t u(r) = 17*b(r) - 12*c(r). Determine u(15).
5
Let q(w) = -5*w. Suppose 3*b = -4*r + 11, -2*r - 6 = -6*r + 2*b. Suppose 172*n - 174*n - r = 0. Calculate q(n).
5
Suppose -230 = c - 2*f, 2*c + 101 + 367 = -4*f. Let k = c + 237. Let w(l) = -3 - l**3 + 4*l + 0 + 4*l**2 - 2. What is w(k)?
-10
Let x(h) = -h**2 + 15*h - 26. Suppose -11 = -k + 4*d, -55 = -5*k + 7*d - 3*d. Calculate x(k).
18
Let i(c) = c**3 + 4*c**2 + 3*c - 4. Suppose 20 = 5*p - 0*p. Let j = -10 + p. Let u(z) = 2*z**2 + 11*z - 9. Let o be u(j). What is i(o)?
-4
Suppose 5*w - 98 = -88. Let z(s) = -w*s + 6*s - 4*s - s - 2. Determine z(4).
-6
Suppose 21*q = -15*q - 288. Let m(p) = p**3 + 8*p**2 - 5*p - 17. Determine m(q).
23
Let w be (-22)/8*(2 + -6*1). Let k(n) = n - 20. Let a(b) = -4. Let f(s) = w*a(s) - 2*k(s). Suppose 3*l - x + 23 = 7*l, 4*x - 8 = -2*l. Give f(l).
-16
Let t = 1297 + -1295. Let g(m) = 5*m**2 + 3*m - 5. Determine g(t).
21
Let b be 1 + 9/(-12)*(4 + -8). Let x(p) = b*p**3 - p + 466 - 466. What is x(1)?
3
Let u(n) = 7*n + 2. Let z(w) = -38*w + 1. Let s(k) = 5*u(k) + z(k). Determine s(8).
-13
Let p(u) = u**3 + 4*u**2 + 4*u - 1. Suppose 0*g - 2*g = 5*v - 16, 0 = -4*v - g + 14. Let t be (-9)/2*v/6. Give p(t).
-4
Suppose 5 = -h - 5*q, 2*h + 12 = 4*q + 2. Let l(y) be the second derivative of y**4/12 + 5*y**3/6 - 3*y**2/2 - 12*y + 1. What is l(h)?
-3
Let l(j) = j**3 + 5*j**2 - j - 4. Let h(a) = -516*a + 1001*a - 514*a - a**2 - 33. Let k be h(-28). What is l(k)?
1
Let v(a) = -20*a - 25. Let h be v(-2). Suppose y = 6*y + 5*m + h, -5*y = -m - 9. Let z(g) = 2*g**2. What is z(y)?
2
Let s(y) = -4*y + 29. Let c(u) = 3*u - 15. Let a(f) = 3*c(f) + 2*s(f). Give a(9).
22
Let w(r) = r**3 - 2*r**2 - r - 1. Let j be ((-15)/(-6)*1/5)/((-36)/(-216)). Determine w(j).
5
Let v(l) = 2*l + 26. Let k be v(-3). Let q be (-1)/4 - (-45)/k. Let c(w) = 22*w + 2 + 0 - 4*w**2 - 19*w + 0*w**q. Calculate c(-2).
-20
Let x(y) = -y**2 + 6*y - 7. Let w be x(3). Let n(o) = 39*o - o**w - 47*o + 7 - 2. Let s(u) = -11*u**2 + 1. Let m be s(1). What is n(m)?
-15
Let w = -1149 - -13789/12. Let p(d) be the second derivative of -d**2 - 1/3*d**3 - w*d**4 + 0 + 13*d. Determine p(-2).
-2
Let u(r) = 0 + 1 + 4 + r + 4 + 2. Calculate u(-6).
5
Suppose -i = -4, 12 - 3 = l + i. Let s(g) = 11*g + 5. Let u(m) = 5*m + 2. Let f(o) = -3*s(o) + 7*u(o). Let w(d) = -d + 1. Let x(v) = -f(v) - 4*w(v). Give x(l).
7
Let l(x) be the first derivative of x**4/4 - x**3 - 3*x**2/2 + x + 3908. Let q = 6 + -4. Give l(q).
-9
Let t(x) = 67*x - 52. Let p(l) = 73*l - 49. Let r(g) = 7*p(g) - 8*t(g). Determine r(3).
-2
Let h(c) = -c + 3 - c - 5. Let q = -68 + 70. Let n = 7 - q. Determine h(n).
-12
Let t(n) be the second derivative of n**5/20 - n**4/3 - n**3/2 + 123*n. Give t(4).
-12
Let i(v) = v + 5. Let f be i(-4). Let l(j) be the third derivative of -3*j**4/8 + j**3/6 - 5885*j**2 + j + 1. Calculate l(f).
-8
Let v = -910 + 912. Let h(c) = -4*c**v - 10 - c**2 + 6*c**2 + 348*c - 355*c. Give h(7).
-10
Let l(o) = -o**3 - 4 - 22*o + 45*o + 5*o**2 - 19*o. Let q be l(5). Suppose 4*b = -q, 2*x + b = 3*b + 2. Let a(r) = 4*r + 3. What is a(x)?
-9
Let r = -425 - -429. Let d be (-192)/128 - (66/r)/(-1). Let i(v) = -v**3 + 15*v**2 - 4. Give i(d).
-4
Let d(m) be the first derivative of -m**4/4 + 8*m**3/3 - 3*m**2/2 - 8*m - 1046. What is d(6)?
46
Let t(a) = -14*a + 1. Let w(o) be the first derivative of -o**2 + 37*o - 94. Let z be w(19). Give t(z).
15
Suppose -57*h = 1060*h + 183*h - 6500. Let u = 7 - 4. Let w(i) = -4 - i**2 + 7*i - 1 + u. Determine w(h).
8
Let z be ((-1080)/160)/((-6)/8). Let y(q) = q**2 - 13*q + 35. What is y(z)?
-1
Let r(q) = q**3 + 6*q**2 + 4*q - 7. Suppose 0*i + 5*i = -3*f + 4, -3*i - 6 = -f. Let h be 4 + (-2)/f*-45. Let w = 29 - h. Give r(w).
-2
Let n(q) be the first derivative of -9*q**2/2 - 59*q - 1890. Give n(-7).
4
Suppose 0 = f + 13*f. Let y(z) = -4*z**2 + z + z + 6*z**2 + 5*z + 1 + f*z**2. Give y(-6).
31
Let f(d) be the third derivative of d**6/60 + d**5/20 - d**4/8 - 17*d**2 + 2*d. Suppose 7*b = 10*b + 9. Give f(b).
-18
Let y(h) = h**2 + 11*h + 4 + 52 - 17*h - 13*h. Let r be y(4). Let p(w) = -w**2 - 3*w - 5. Determine p(r).
-9
Let w(a) = -4*a**2 - 3*a - 70. Let j(y) = y**2 + 24. Let t(k) = 3*j(k) + w(k). Give t(-5).
-8
Let m(t) = -7*t**2 + 1. Suppose -3*y + u + 4 = 0, -79*u - 5 = -2*y - 76*u. What is m(y)?
-6
Let i(q) = -10 + 60885*q**3 + 60895*q**3 + 8*q**2 + q - 121781*q**3. Give i(8).
-2
Let z(u) = 0*u - 4*u + 2*u + u**2 - 4. Let k(g) = 3*g**2 - 4*g + 4. Let i be k(1). Suppose 4*x - 24 = -i*p, -3 = -13*p + 16*p - 5*x. Calculate z(p).
4
Let w(c) be the first derivative of -6*c - 6*c**2 + 177 - 2/3*c**3. What is w(-5)?
4
Let f(w) be the second derivative of -w**5/60 + 5*w**3/3 + w**2/2 + 4*w + 28. Let c(p) be the first derivative of f(p). Calculate c(0).
10
Let k(h) = -8*h + 31. Let f(a) = -5*a + 16. Let r(q) = -7*f(q) + 4*k(q). Let d be r(-3). Let j(y) = 4*y - 7. Give j(d).
5
Let v(q) = q**3 - 7*q**2 - 5. Let r = -186 - -191. Suppose 0 = h + m - 2, 2*h + 53 = 6*h - r*m. Calculate v(h).
-5
Let p(k) be the first derivative of 1/3*k**3 - 60 + k - 5/2*k**2. Give p(7).
15
Let q(r) = -r**2 - 85*r - 751. Let l be q(-10). Let m(y) = -19*y**3 + y**2 + y - 3. Let n(f) = f**3 + 1. Let j(i) = -m(i) - 3*n(i). Calculate j(l).
-16
Let x(m) = -5*m**2 - 2*m - 15. Let o(v) = -9*v**2 - 3*v - 26. Let r(p) = 3*o(p) - 5*x(p). Calculate r(-3).
-24
Let u be -2 - (3 - (-3 + 7)). Let m(w) = w**2 + 3*w - 3. Let z(d) be the first derivative of d**2/2 - 5. Let g(o) = u*m(o) + 5*z(o). Calculate g(-2).
-5
Let n be (6 - 6)*(-1)/1. Suppose n = -2*y + y, z = y. Let c(g) = -7*g + 11. Let j(x) = -4*x + 6. Let i(u) = 3*c(u) - 5*j(u). Determine i(z).
3
Let p = 9403 + -9391. Let w(y) = -y**2 + 9*y + 50. Calculate w(p).
14
Let c(q) = 4*q**2 - 7*q - 2. Let y(t) = -t**2 + 3*t + 1. Let s(r) = -19*r - 117. Let d be s(-6). Let a(u) = d*c(u) - 8*y(u). Calculate a(-2).
-12
Let h be 1*(1 + -111 + -2). Let s = 114 + h. Let u(y) = -s*y**2 - 7 + 6 + 2 + 0 + 12*y**3. What is u(-1)?
-13
Let y(w) be the first derivative of -11*w**2/2 - 127*w - 1179. Determine y(-11).
-6
Let u(h) be the third derivative of 19*h**4/24 + h**3/3 - 4*h**2 + 30*h. Determine u(1).
21
Let z(t) = t**2 + 19*t + 86. Let f be z(-7). Let m(l) = -5 - l**f - 2 - 4*l - 2 + 5. Suppose 2*k - 5*a = -0*a - 21, -k + 5*a = 18. What is m(k)?
-1
Let p(s) be the first derivative of -26 + 13*s - 13/2*s**2 + 1/3*s**3. Calculate p(12).
1
Let b(i) be the second derivative of -i**5/20 + i**4/6 - 5*i**3/6 + 9*i**2/2 + 1562*i. Give b(4).
-43
Let w(b) = -b**3 - 2*b**2 + 1. Suppose 0 = -3*o + 12, -4 = -4*c + o + 8. Suppose c = 7*v - 52. Suppose -v*r + r - 7 = 0. Calculate w(r).
0
Let x(y) = 16*y**2 + 2*y - 1. Let h(d) = 63*d**2 + 20*d + 36. Let v(z) = h(z) - 4*x(z). Determine v(14).
12
Let c(n) = -n**2 - 16*n. Let z(w) = w**2 - 73*w - 2. Let o(b) = -2*c(b) + z(b). Give o(14).
12
Let w(y) be the first derivative of 25*y**3/6 - 119*y - 75. Let h(b) be the first derivative of w(b). Determine h(-1).
-25
Let o(t) = -111 + 213 - 5*t - 106. Let x(g) = -2*g + 8. Let k be x(0). Suppose -4*m - 3*y - k + 18 = 0, -10 = -m + 3*y. Give o(m).
-24
Let r(d) = -7*d + 0*d**2 + 5 - 2 - d**2. Let v(m) = -5*m + 0*m + 17 - 40 - 34. Let s be v(-10). Determine r(s).
3
Let n(g) = -g**3 - 6*g**2 - g - 5. Suppose 97*y - 90 = 112*y. Determine n(y).
1
Let u(a) be the third derivative of -a**5/60 - a**4/4 + 7*a**3/6 + a**2. Let j be -314 + 2 - 8/((-24)/(-9)). Let b = j - -310. What is u(b)?
12
Let n(d) be the first derivative of d**6/120 + d**5/60 - 7*d**3/2 + 33*d**2/2 + 28. Let l(f) be the second derivative of n(f). Calculate l(0).
-21
Let j(o) = 3*o**2 + 1 + 3 - o**3 + 0 + 3*o + 9*o**2 - 7*o**2. Let h = 12 + -7. Determine j(h).
19
Let y = 355 - 362. Let q(o) = -o - 2. Let j(x) = -x - 3. Let k(u) = y*q(u) + 6*j(u). Give k(13).
9
Let q(w) = w**3 - 7*w**2 - 4. Let b be ((-12)/(-9))/(-5 - (-654)/126). Give q(b).
-4
Let r(k) = -k + 8. Let p be r(6). Let f(z) = -84*z**2 - 5 - 88*z**2 - 7*z + 171*z**p. Let h(t) = t**3 - 4*t - 7. Let b be h(-2). Give f(b).
-5
Suppose 0 = -4*d + w + 40, -29 = -d - 5*w - 40. Let l(x) = x**3 - 10*x**2 + 6*x + 21. What is l(d)?
-6
Let u be 1/(-4) + 62/5*125/(-200). Let f(q) = q**2 + 7*q + 2. Give f(u).
10
Let d(x) = -13*x - 238. Let u be (4 